**2 + 208*o - 4767. Is j(125) a prime number?
False
Let v(n) = n + 10. Let k be v(-16). Is -1838*-3*(-1)/k prime?
True
Suppose 36*n = 7*n + 13*n + 5173328. Is n composite?
False
Suppose 5*v - 915676 = 126969. Is v a composite number?
False
Suppose -23*j + 385042 = -1942489. Is j composite?
False
Suppose -9*x = -x - 80. Suppose 3*i + x*s = 5*s + 18047, 3*s - 6021 = -i. Is i composite?
True
Let k(q) = 1970*q + 11659. Is k(150) a composite number?
True
Suppose 62*r = 67*r - 15. Is (2019/(-6))/(r/(-18)*3) prime?
True
Let d = -190 + 193. Suppose -4*s - 4*v - 5935 = -7*s, -d*v + 9853 = 5*s. Is s composite?
False
Let s(u) = -474*u**3 + u**2 + 4*u + 62. Is s(-5) a composite number?
True
Is (-16)/360*-1549420 - (-3)/(-27) composite?
False
Let s(u) = 17969*u - 415. Is s(18) a composite number?
False
Suppose -5*l + 48379 = -2*w, l - 7832 = -3*w + 1837. Let f = 2522 + l. Is f prime?
True
Is ((-3)/2)/(36/14 + -3)*271462 composite?
True
Let r = 11 + -339. Let d = r + 618. Suppose -v = 3*c - 435, 0*c - d = -2*c + 4*v. Is c composite?
True
Suppose -66 - 110 = -2*l. Suppose 20 = 4*z, l*k = 92*k - z - 3255. Is k a prime number?
False
Let f be (4/5)/(-3 + 344/120). Is 7 - (109002/f - 7) composite?
False
Suppose -43 = -4*q - 67. Is 1672/(9 + -1) - (1 + q) a prime number?
False
Let n be (195/9 - 4)/(3/36). Suppose -4*z - 2*c = -279 + 67, -4*z + 3*c = -n. Is z composite?
False
Suppose -167*f = -154*f + 174252. Let x = f + 19525. Is x a prime number?
True
Is 24953/4 + (-12)/(-16) a composite number?
True
Is ((-316489)/34)/(5/(-10)) a prime number?
True
Let b(w) be the third derivative of w**6/120 - 17*w**5/60 + 13*w**4/24 + 29*w**3/6 - 6*w**2 - 2*w. Is b(18) a prime number?
True
Suppose 184*n - 15080941 - 15895063 = 22492004. Is n a prime number?
False
Let z(i) = 273*i**2 - i + 19. Let w be z(14). Suppose w = 36*o - 24499. Is o a prime number?
False
Let w(z) be the third derivative of 1051*z**4/12 - z**3/2 + 2*z**2 + 3*z. Is w(2) a prime number?
True
Let o(v) = v + 4. Let m = -119 + 124. Let k be o(m). Suppose 0 = -k*h + 7*h + 758. Is h composite?
False
Is (-61521)/(((-144)/8)/6) composite?
False
Let x(u) = u**3 + 20*u**2 - 4*u + 10. Suppose y + 380 = -19*y. Is x(y) a prime number?
False
Suppose -x + 6874 = -6681. Suppose 4*c + x = 5*z, -3114 = 4*z + 3*c - 13958. Suppose -744 - z = -5*k. Is k composite?
False
Let j(o) = 403*o + 221. Let w(b) = 268*b + 147. Let x(a) = 5*j(a) - 7*w(a). Is x(15) prime?
True
Let v = 3550 - 8488. Let b = v + 8265. Is b composite?
True
Let g(u) = 5478*u - 167. Let x be g(4). Let h = 33038 - x. Is h a composite number?
True
Suppose -2*a = -2, -5*t - 5*a + 5 = 10. Let v be (-1)/t + 15390/36. Suppose y = -2*c + 1647, y + 5*c = 1207 + v. Is y composite?
True
Let f be (-4)/(-5 - (-6 + -1)). Is (-4 - 28698/(-3))*(-1)/f composite?
True
Let d(z) = -z**3 - 6*z**2. Let x be d(-5). Is 9648 + -1 + (-200)/x composite?
True
Let k be -23*(3 - 1*(21 + -5)). Suppose 0 = -4*g + 4*s + 1244, g + 8*s - 6*s = k. Is g a composite number?
False
Let b(o) = -33072*o - 1085. Is b(-7) composite?
True
Suppose 58*d - 60*d = 4*q - 167046, -10 = -5*q. Is d composite?
True
Let j be (-24)/(-20)*(13/3 + -1). Suppose -5*d - 763 = j*m - 2432, d = 5*m - 2108. Let x = m + -68. Is x prime?
True
Let x(c) = -226*c**3 + 13*c**2 + 180*c - 7. Is x(-12) a prime number?
False
Suppose -a = 3*w, 0 = -7*w + 3*w + 2*a. Suppose w = -u + 2*s + 7, 0*u - 19 = -4*u + 5*s. Is ((-671)/u + -6)*1*-1 a composite number?
False
Let z be (104/40 - 3) + (-18)/5. Is 5792 - (z + 10)/6 a prime number?
True
Suppose 0 = -2*c - 2*i + 264800, 5*i - 3457 = c - 135899. Is c prime?
False
Suppose 4*f + 3*h + 1819 = -334, f - 5*h = -567. Let s = 5015 - f. Is s a composite number?
False
Let x = -43 + 50. Suppose 414 = -x*b + 1940. Suppose -b = -5*c + 837. Is c a composite number?
False
Is 24/20 + (-113998)/(-10) + -2 + 0 a prime number?
True
Let z(q) = -8339*q + 3112. Is z(-63) composite?
False
Let j(o) = o**3 - 2*o + 4. Let v be j(0). Suppose 5*u - 6 = 3*u + v*h, 0 = -2*h. Suppose -b + 1914 = 2*d, -u*b = -5*d - 4*b + 4779. Is d prime?
False
Suppose -1 = -l, -5*m - 94201 = 4*l - 0*l. Let t = -11978 - m. Is t composite?
False
Let y(n) = -2*n**2 - 14*n - 48. Let r be y(-6). Let u = r + 46. Is ((-1180)/u)/((-4)/22) prime?
False
Suppose 783121 = 17*f + 54416. Is f prime?
False
Suppose 0 = 3*q + b - 11445, 0*q + 3*b - 19071 = -5*q. Suppose -h - 5*h = -q. Let m = h - -487. Is m a composite number?
False
Suppose 497 = -4*n - 911. Is (-44)/n - 20174/(-16) composite?
True
Suppose 12 = 2*l - 12. Let v be (-3)/l + 46085/52. Suppose -5*h - m + 1106 = -1121, -2*h = 2*m - v. Is h a composite number?
True
Let q(b) be the second derivative of 479*b**3/6 - 123*b**2/2 - 11*b + 1. Is q(10) a composite number?
True
Let m = 161 - 190. Let o = m + 550. Is o prime?
True
Suppose 0*p + 2*p - 5*j = 65474, 3*p = -3*j + 98232. Suppose -p - 25749 = -9*c. Is c a composite number?
True
Let b(d) = 18*d**3 - 3*d**2 + 5*d + 56. Let i be b(-14). Is i/(-26) - (6 + (-1040)/169) a composite number?
True
Is (29 + -28)*(42648 - -1) + -3 prime?
False
Suppose -2*m = -16*v + 19*v + 6, -4*v - 8 = 4*m. Suppose 5*x - 4499 = -2*k, 5*k + m*k = 4*x - 3586. Is x composite?
True
Let b = 381258 + -269702. Suppose 29*x - 45247 - b = 0. Is x a prime number?
True
Let c(m) = 6464*m**3 + 2*m**2 - 2*m + 1. Let b be c(1). Suppose -604 - b = -r. Is r a composite number?
False
Let k(s) = s**3 + s**2 + s + 491. Let d = 51 + -45. Suppose -d*j + 5 = -j, -b - 5*j = -5. Is k(b) a composite number?
False
Let l(o) = -o**2 + 4*o + 7. Let c be l(5). Suppose c*g - 22 = 42. Suppose 3*t - 580 = -4*j, -3*t + g = -2*j + 322. Is j a prime number?
False
Let c be (1 + (1 - 1))*(37 - -19020). Let k = c - 2438. Is k prime?
True
Let l be (12/16)/(-1)*(-4)/1. Suppose 0 = l*o + 39*o - 120876. Is o a composite number?
True
Let u(a) be the second derivative of a**4/2 + 3*a**3/2 + 12*a**2 + 2*a. Let b be u(-10). Suppose b + 859 = w. Is w prime?
False
Suppose 48*g - 121*g + 440412 = -463985. Is g a composite number?
True
Let l = 26978 + 9621. Is l prime?
True
Let d(p) = 13475*p - 13369. Is d(16) prime?
True
Let a = 38247 + 429302. Is a a prime number?
True
Let y(k) = -541*k - 87. Let g(w) = -108*w - 17. Let l(p) = -11*g(p) + 2*y(p). Is l(6) composite?
True
Let g be 3 + (-1232 + -5 - 4) + -5. Let o = 4494 + g. Is o composite?
False
Let t(c) = -1283*c - 197. Let j be t(6). Let x = j - -12088. Is x a prime number?
False
Let g(a) = 63726*a - 2219. Is g(15) prime?
True
Suppose 120*x - 35061641 - 2251519 = 0. Is x composite?
True
Let c = -84 - 439. Let h = c - 24. Let k = 1052 + h. Is k composite?
True
Suppose 0 = -3*s + 4*s + 3*x + 36, -3*s = 4*x + 123. Is 68/(-510) - 888261/s composite?
False
Let r(q) = 8*q**3 + 4*q**2 - 26*q - 17. Let k be r(6). Let p = k + -302. Is p a prime number?
False
Suppose 5*m + 15 = -5*w, 9*w = 14*w + 15. Let s be 802/(1 - m) - 0. Suppose 2*q + s - 2148 = 0. Is q a composite number?
False
Suppose -11*v = 4*c - 15*v - 556248, 4*v + 695315 = 5*c. Is c composite?
False
Let s = -133 + 130. Is (-4397)/(-3)*(-9)/s a composite number?
False
Suppose 4*z - f = 16260, 5*z = -0*f - 4*f + 20346. Suppose 4*p - 2713 = -3*w, -437 = 4*w + 3*p - z. Is w composite?
False
Suppose -23*b + 19*b - 1311490 = -14*b. Is b a prime number?
True
Suppose -4*l + y = 20973, 3*l + 2*y = -9060 - 6678. Let v = l - -7487. Is v a composite number?
False
Let v(k) = 48*k**2 + 42*k - 419. Is v(12) a composite number?
False
Suppose 0 = -2*x + 3*h - 255 - 1290, x + h + 770 = 0. Is ((-25)/15 - 2)*(x - 0) a prime number?
False
Suppose 5*x + 48*w = 49*w + 1738649, -3*x - 5*w = -1043223. Is x composite?
False
Suppose x + 4413 - 275 = 0. Let h = 10385 + x. Is h a prime number?
True
Let s = -18133 + 25940. Is s a prime number?
False
Let m = -5525 - -16488. Is m composite?
True
Suppose 9*c = 717359 + 72112. Is c a prime number?
True
Let g = -77 + 111. Is ((-40919)/g)/((-1)/2) a prime number?
False
Let q(s) be the second derivative of -26*s + 31/2*s**2 - 13/6*s**3 + 0. Is q(-10) prime?
False
Let k(s) = -27*s + 3. Let l = -59 + 107. Let n = l + -66. Is k(n) a composite number?
True
Suppose -226*b = -230*b - 4684. Let v = b - -2064. Is v a composite number?
True
Let b = -74554 + 192681. Is b composite?
False
Suppose 21282 